 g be o(5). Suppose -2*s + g + 6 = 0. What is the remainder when 14 is divided by s?
2
Suppose -58*b - 24 = -60*b. What is the remainder when (4/(-3))/(3/(-99)) is divided by b?
8
Let b(p) = 5*p**2 - 2*p - 4. Let i(o) = o**3 - 6*o**2 + o + 4. Let m(l) = -4*b(l) - 3*i(l). What is the remainder when m(-3) is divided by 27?
25
Let i(y) be the second derivative of y**4/4 - 5*y**3/6 + 3*y**2/2 + 3*y. What is the remainder when i(3) is divided by 6?
3
Let x = -7 - -8. What is the remainder when 21 is divided by x/((-1)/(0 - 12))?
9
Suppose -12 = 3*m - 4*n, -3*m = -0*n - n + 3. Calculate the remainder when 27 is divided by 1 - 18/(-3) - m.
6
Let p(r) = r**3 - 14*r**2 + 7*r - 15. What is the remainder when p(14) is divided by 21?
20
Let g = 3 + 2. Suppose -g*v + v + 32 = 0. What is the remainder when 20 is divided by v?
4
Let w(g) = g + 60. Let v be w(0). Suppose -v = -3*k - 0*k. Calculate the remainder when k is divided by 7.
6
Let d be 0 - -551 - 16/(-4). What is the remainder when d/5 + 3/(-1) is divided by 37?
34
Let w(n) = -n - 1. Let j be w(-1). What is the remainder when 23 is divided by j/(-1) + 1 + 5?
5
Let l = -32 + 73. What is the remainder when l is divided by (-6)/(-15) + 73/5?
11
Suppose -4*l = -5*l. Let j(v) = v + 14. Calculate the remainder when 25 is divided by j(l).
11
What is the remainder when (2 + -1)*(34 + 1) is divided by (6/(-4) + 1)*24/(-1)?
11
Suppose -3*p + 170 = 38. What is the remainder when 86 is divided by p?
42
Let j be 18/5*10/6. Suppose j*t + 4 = 7*t. What is the remainder when t is divided by 3?
1
Let c(v) = v - 10. Let l be c(10). Suppose -o - p + 19 = l, 0 = 3*p - 4 + 1. Calculate the remainder when o is divided by 1/2 + (-38)/(-4).
8
Suppose -4*a - 2*v + 18 = 0, 0*a - 5*a - v + 30 = 0. Suppose j + 0*f - a = -f, j - 2*f = 4. Calculate the remainder when 11 is divided by j.
5
Let j(b) = 2*b - 11. Let c be j(-8). What is the remainder when -8*(c/6 - 1) is divided by 15?
14
Let j be 57/(-2) - (-5)/(-10). Let h = j + 34. Calculate the remainder when h is divided by (-8)/(-3)*(-3)/(-2).
1
Let h(f) = -f**2 + 26. Calculate the remainder when 4 + -4 - (-101)/1 is divided by h(0).
23
Let j(p) = -p**2 - 3*p. What is the remainder when 3 is divided by j(-2)?
1
Let l(z) = 21*z. Let i be l(3). Suppose -4*f = 3*u - f - i, u + 3*f - 21 = 0. What is the remainder when u is divided by 12?
9
Let g be 1/(-6) + (-39)/(-18). Suppose g = r - 1. Calculate the remainder when -1 - -3 - (-3 - -1) is divided by r.
1
Let i(v) = -v**3 - 8*v**2 - 15*v - 4. Calculate the remainder when i(-6) is divided by 3.
2
Let j = 75 + -39. Let z = j + -19. Suppose -201*q + 192*q + 90 = 0. Calculate the remainder when z is divided by q.
7
Let j(k) be the second derivative of -k**5/20 - k**4/3 - 2*k**3/3 - 5*k**2/2 + 4*k. What is the remainder when j(-5) is divided by 14?
12
Let h(s) = 4*s. Let o be h(-1). Calculate the remainder when 70 is divided by o/(-3)*(-27)/(-2).
16
Let f(z) be the second derivative of z**5/10 - z**4/3 - z**2/2 + 6*z. Calculate the remainder when 66 is divided by f(3).
15
Suppose 1 = -5*k + 6. What is the remainder when 13 is divided by (k - 2) + 2*4?
6
Let f = -179 - -208. What is the remainder when 144 is divided by f?
28
What is the remainder when 4/8*224/4 is divided by 16?
12
Calculate the remainder when 218 is divided by 9158/209 - 4/(-22).
42
Calculate the remainder when 9 is divided by 12*4/24*3.
3
Let m(d) = d**2 + 9*d - 16. What is the remainder when m(-11) is divided by 5?
1
Suppose 26 = -3*k + 4*k. Suppose 7*u = 4*u + 15. Suppose -2*d - 10 = -z, 3*z + 2*z - u*d - 60 = 0. What is the remainder when k is divided by z?
12
Suppose -3*c + j + 16 = 0, -6*j - 4 = -2*c - 2*j. What is the remainder when 9 is divided by c?
3
Let y(k) = k**3 - 3*k**2 + 2. Let l(q) = -q**2 + 11*q - 23. What is the remainder when y(4) is divided by l(5)?
4
Let m(g) = g**2 + 12*g - 17. Let n be 21 + -1 + -4 + 2. Suppose 0 = -5*s + n + 62. Calculate the remainder when m(-16) is divided by s.
15
Let h = 28 - 42. Calculate the remainder when 63/h*2/(-3) is divided by 1.
0
Suppose 6 = 3*h, h = 4*v + 6*h - 158. What is the remainder when v is divided by 13?
11
Suppose -12*b + 10*b = -38. What is the remainder when 36 is divided by b?
17
Suppose n + g + g - 356 = 0, -5*n = 3*g - 1766. Let q = -29 - n. Calculate the remainder when q/(-15) + 6/(-15) is divided by 14.
11
Suppose -3*c + 2 - 32 = -3*f, -5*f = -10. Let h(x) = 9*x. Let y be h(2). Let u = y + c. Calculate the remainder when 29 is divided by u.
9
Suppose -11 + 65 = 3*s. Suppose -4*d = -5*d + 41. Suppose 4*r + 5 + 17 = c, -3*r = 5*c - d. What is the remainder when s is divided by c?
8
Let v = -29 - -48. What is the remainder when 35 is divided by v?
16
Suppose -4*o - 2*r + 132 = 0, o + 2 - 41 = r. Suppose 5*u = u + 4. What is the remainder when o is divided by ((-2)/4)/(u/(-36))?
17
Let t = -9 + 11. Suppose 4*z - 180 = 56. Calculate the remainder when z is divided by 17 + (-6)/t + 6.
19
Suppose 3*b + b + 4*f = 52, -5*f = 3*b - 49. Let j = 177 + -107. Suppose -5*p = -0*p - j. Calculate the remainder when p is divided by b.
6
Suppose 3*c + 18 = 135. Suppose 3*s - 14 = 2*s. Calculate the remainder when c is divided by s.
11
Suppose -146 = -5*t - 121. Calculate the remainder when 8 is divided by t.
3
Let c(a) = -a + 23. Calculate the remainder when (-2)/6 + 202/3 is divided by c(6).
16
Suppose 5*f + 99 = -4*v + 257, 4*f + v - 122 = 0. Calculate the remainder when 117 is divided by f.
27
Let c(m) = m + 10. Let o(i) = -i**3 - 4*i**2 - 3*i + 3. Let j be o(-3). Suppose j - 11 = -2*r. What is the remainder when c(0) is divided by r?
2
Let d = -69 - -99. Calculate the remainder when (236/(-5))/(8*15/(-300)) is divided by d.
28
Let t = 75 - 39. What is the remainder when t is divided by 8?
4
Suppose 0 = -5*u - 4*a + 222, 0 = -4*u + 2*a + a + 190. Suppose 4*h - u - 30 = 0. What is the remainder when h is divided by 7?
5
Let p(b) = b**2 - 3*b - 5. Let k be p(4). Calculate the remainder when (5/(-10))/(2/(-236)) is divided by 20 + k + 1/1.
19
Let g(c) be the first derivative of -c**4/4 + 10*c**3/3 - 3*c**2/2 + 3*c + 2. What is the remainder when g(9) is divided by 15?
12
Let g = -20 + 120. Suppose -g = 5*s - 10*s. Calculate the remainder when 59 is divided by s.
19
Suppose -295 = 4*w - 63. Let a = -39 - w. What is the remainder when 94 is divided by a?
18
Suppose -q = 4*q - 270. What is the remainder when q is divided by 19?
16
Suppose 1 = o - 5. Let n(l) = -l**3 + 5*l**2 - l - 6. Let i be n(o). Let f = -24 - i. What is the remainder when f is divided by 13?
11
Let o(q) = q**3 - 8*q**2 - 9*q + 10. What is the remainder when 18 is divided by o(9)?
8
Suppose -4*w + 26 = -2*m, 35 = 5*w + m - 1. Let g(c) = -c + 9. Calculate the remainder when 2 is divided by g(w).
0
What is the remainder when 43 is divided by (9 + -8)/(1/11)?
10
Suppose 0 = -0*b + b + 2*f - 21, 4*f - 8 = 0. What is the remainder when 31 is divided by b?
14
Calculate the remainder when 3 + 1/1 - -6 is divided by 6.
4
Suppose b = 4*b - 12. Let w = -3 + 4. What is the remainder when (-2 + b - -2) + -2 is divided by w?
0
Suppose 5*x + 66 = 211. Let w(c) = c**2 + c - 2. Let p be ((-2)/5)/((-1)/(-10)). Calculate the remainder when x is divided by w(p).
9
Let a(n) = -5*n**2 + 4*n**3 + 4 + 0 + n + 0. What is the remainder when a(3) is divided by 18?
16
Let s(w) = 3*w + 1. Let y be s(1). Suppose -n = 2*n - 21. What is the remainder when (y/(-3))/(1/(-9)) is divided by n?
5
Let u(w) be the second derivative of w**4/12 + w**3/6 - w**2/2 - 4*w. What is the remainder when 2 is divided by u(1)?
0
Let g(s) = 13*s + 1. Let o be g(1). Let u(d) = -2 + o*d**3 + 2*d + 1 + 50*d**3 - d. What is the remainder when u(1) is divided by 22?
20
Let k be (-5 + 4)*(-3)/1. Suppose k*i - 47 - 13 = 0. Let r = 12 - 5. Calculate the remainder when i is divided by r.
6
Let k(u) = u**3 - 5*u**2 + 3*u - 2. What is the remainder when 155 is divided by k(5)?
12
Let o = 28 - 25. What is the remainder when 14 is divided by o?
2
What is the remainder when 8 is divided by (-30)/(-25)*10/4?
2
Suppose 3*m = 6*m - 18. Calculate the remainder when 33 is divided by (68/(-12))/((-2)/m).
16
Let j(k) = 3*k**3 - k - 1. Let p be j(-1). Calculate the remainder when 2/p + 205/15 is divided by 1/((-6)/7 -